 by 623?
610
What is the remainder when 116615 is divided by 686?
681
What is the remainder when 8164 is divided by 1629?
19
Calculate the remainder when 7140 is divided by 154.
56
Calculate the remainder when 3330 is divided by 222.
0
Calculate the remainder when 210039 is divided by 761.
3
Calculate the remainder when 1460 is divided by 420.
200
What is the remainder when 26333 is divided by 183?
164
Calculate the remainder when 115726 is divided by 8.
6
Calculate the remainder when 807241 is divided by 14677.
6
Calculate the remainder when 1840 is divided by 1796.
44
Calculate the remainder when 32756 is divided by 26.
22
What is the remainder when 28156 is divided by 361?
359
What is the remainder when 6541 is divided by 142?
9
What is the remainder when 24675 is divided by 458?
401
What is the remainder when 839 is divided by 367?
105
Calculate the remainder when 373208 is divided by 21.
17
What is the remainder when 206937 is divided by 15?
12
Calculate the remainder when 68599 is divided by 297.
289
What is the remainder when 1686589 is divided by 152?
149
What is the remainder when 7123 is divided by 296?
19
Calculate the remainder when 298 is divided by 170.
128
What is the remainder when 6880 is divided by 972?
76
Calculate the remainder when 1653 is divided by 824.
5
Calculate the remainder when 1190 is divided by 33.
2
Calculate the remainder when 117555 is divided by 10685.
20
Calculate the remainder when 60208 is divided by 45.
43
Calculate the remainder when 31158 is divided by 10383.
9
What is the remainder when 13484 is divided by 493?
173
What is the remainder when 502160 is divided by 251078?
4
What is the remainder when 40618 is divided by 60?
58
What is the remainder when 57928 is divided by 449?
7
What is the remainder when 22544 is divided by 403?
379
What is the remainder when 3918 is divided by 209?
156
What is the remainder when 4939 is divided by 278?
213
Calculate the remainder when 30389 is divided by 411.
386
Calculate the remainder when 9789 is divided by 1383.
108
Calculate the remainder when 97121 is divided by 186.
29
What is the remainder when 2579 is divided by 838?
65
What is the remainder when 299701 is divided by 99897?
10
Calculate the remainder when 9641 is divided by 201.
194
Calculate the remainder when 1499 is divided by 352.
91
What is the remainder when 10851 is divided by 98?
71
What is the remainder when 1883 is divided by 2?
1
What is the remainder when 1696 is divided by 615?
466
What is the remainder when 256373 is divided by 76?
25
What is the remainder when 44977 is divided by 18?
13
What is the remainder when 50775 is divided by 117?
114
Calculate the remainder when 622012 is divided by 21.
13
Calculate the remainder when 3957 is divided by 45.
42
Calculate the remainder when 3394 is divided by 972.
478
What is the remainder when 468789 is divided by 571?
569
Calculate the remainder when 4960 is divided by 115.
15
Calculate the remainder when 2684 is divided by 1265.
154
What is the remainder when 38406 is divided by 8?
6
Calculate the remainder when 294546 is divided by 141.
138
Calculate the remainder when 11690 is divided by 777.
35
Calculate the remainder when 2000 is divided by 1421.
579
Calculate the remainder when 994000 is divided by 11.
7
Calculate the remainder when 6727 is divided by 1667.
59
Calculate the remainder when 11139 is divided by 246.
69
Calculate the remainder when 14454 is divided by 52.
50
What is the remainder when 137597 is divided by 383?
100
What is the remainder when 4308 is divided by 50?
8
Calculate the remainder when 4108 is divided by 4108.
0
Calculate the remainder when 13994 is divided by 5.
4
What is the remainder when 1144572 is divided by 39468?
0
Calculate the remainder when 65061 is divided by 98.
87
What is the remainder when 1038 is divided by 252?
30
What is the remainder when 34829 is divided by 251?
191
Calculate the remainder when 4337 is divided by 587.
228
Calculate the remainder when 523987 is divided by 101.
100
Calculate the remainder when 3703 is divided by 3670.
33
What is the remainder when 9859 is divided by 388?
159
What is the remainder when 46294 is divided by 35?
24
What is the remainder when 119621 is divided by 15?
11
What is the remainder when 6016 is divided by 53?
27
What is the remainder when 266 is divided by 192?
74
What is the remainder when 28757 is divided by 10?
7
What is the remainder when 581955 is divided by 9?
6
Calculate the remainder when 80003 is divided by 113.
112
What is the remainder when 469570 is divided by 533?
530
What is the remainder when 46599 is divided by 818?
791
What is the remainder when 623 is divided by 41?
8
What is the remainder when 558579 is divided by 7548?
27
Calculate the remainder when 14280 is divided by 67.
9
Calculate the remainder when 414871 is divided by 29.
26
Calculate the remainder when 325344 is divided by 14.
12
Calculate the remainder when 17905 is divided by 5815.
460
What is the remainder when 5029 is divided by 255?
184
What is the remainder when 3024 is divided by 464?
240
Calculate the remainder when 9434 is divided by 30.
14
Calculate the remainder when 508146 is divided by 57.
48
What is the remainder when 23801 is divided by 2?
1
What is the remainder when 1835 is divided by 160?
75
Calculate the remainder when 1839 is divided by 96.
15
What is the remainder when 528 is divided by 421?
107
Calculate the remainder when 7366 is divided by 2450.
16
Calculate the remainder when 5930 is divided by 1892.
254
What is the remainder when 27008 is divided by 146?
144
Calculate the remainder when 15481 is divided by 2993.
516
Calculate the remainder when 10099 is divided by 180.
19
Calculate the remainder when 3391 is divided by 1331.
729
Calculate the remainder when 5506 is divided by 1369.
30
Calculate the remainder when 205483 is divided by 133.
131
Calculate the remainder when 1854 is divided by 130.
34
Calculate the remainder when 13675 is divided by 51.
7
Calculate the remainder when 1636029 is divided by 1636016.
13
What is the remainder when 3314 is divided by 406?
66
What is the remainder when 26843 is divided by 61?
3
Calculate the remainder when 28748 is divided by 9533.
149
What is the remainder when 7247 is divided by 1180?
167
Calculate the remainder when 381 is divided by 313.
68
What is the remainder when 10390 is divided by 200?
190
What is the remainder when 48630 is divided by 5393?
93
What is the remainder when 361 is divided by 327?
34
What is the remainder when 397 is divided by 389?
8
Calculate the remainder when 6544 is divided by 652.
24
What is the remainder when 110700 is divided by 118?
16
Calculate the remainder when 38072 is divided by 21.
20
Calculate the remainder when 5916 is divided by 2957.
2
Calculate the remainder when 9625 is divided by 641.
10
Calculate the remainder when 916 is divided by 85.
66
What is the remainder when 39118 is divided by 484?
398
What is the remainder when 756 is divided by 546?
210
What is the remainder when 35854 is divided by 5972?
22
Calculate the remainder when 445263 is divided by 18.
15
What is the remainder when 4453 is divided by 108?
25
What is the remainder when 16106 is divided by 15?
11
Calculate the remainder when 85194 is divided by 495.
54
Calculate the remainder when 12058 is divided by 2087.
1623
Calculate the remainder when 88103 is divided by 4004.
15
What is the remainder when 26033 is divided by 4?
1
What is the remainder when 64605 is divided by 49?
23
What is the remainder when 1532519 is divided by 594?
593
Calculate the remainder when 179633 is divided by 546.
545
Calculate the remainder when 247554 is divided by 123732.
90
Calculate the remainder when 86 is divided by 38.
10
Calculate the remainder when 6400 is divided by 61.
56
What is the remainder when 1314 is divided by 301?
110
What is the remainder when 185914 is divided by 12?
10
What is the remainder when 1091 is divided by 37?
18
What is the remainder when 8099829 is divided by 1014?
1011
What is the remainder when 1542 is divided by 140?
2
What is the remainder when 2304515 is divided by 110?
15
Calculate the remainder when 106595 is divided by 200.
195
What is the remainder when 157444 is divided by 26237?
22
Calculate the rem